 the remainder when 834233 is divided by 244?
241
Calculate the remainder when 40326 is divided by 2226.
258
Calculate the remainder when 212570 is divided by 58.
0
What is the remainder when 401374 is divided by 444?
442
Calculate the remainder when 7218 is divided by 132.
90
Calculate the remainder when 24761 is divided by 124.
85
What is the remainder when 217533 is divided by 6397?
35
What is the remainder when 1790 is divided by 107?
78
Calculate the remainder when 2645 is divided by 25.
20
Calculate the remainder when 49015 is divided by 12252.
7
Calculate the remainder when 983 is divided by 93.
53
What is the remainder when 14816 is divided by 997?
858
What is the remainder when 15306 is divided by 86?
84
What is the remainder when 180595 is divided by 42?
37
What is the remainder when 27164 is divided by 4510?
104
What is the remainder when 66045 is divided by 9435?
0
Calculate the remainder when 190539 is divided by 22.
19
Calculate the remainder when 5872 is divided by 411.
118
Calculate the remainder when 840 is divided by 326.
188
What is the remainder when 27931 is divided by 6981?
7
What is the remainder when 5248 is divided by 1336?
1240
What is the remainder when 1067 is divided by 563?
504
Calculate the remainder when 38540 is divided by 470.
0
What is the remainder when 19529 is divided by 674?
657
What is the remainder when 15695 is divided by 143?
108
Calculate the remainder when 42713 is divided by 776.
33
Calculate the remainder when 10489 is divided by 1297.
113
What is the remainder when 176906 is divided by 6?
2
Calculate the remainder when 9618 is divided by 3.
0
Calculate the remainder when 10414 is divided by 124.
122
What is the remainder when 39215 is divided by 19?
18
Calculate the remainder when 8718 is divided by 184.
70
What is the remainder when 3993 is divided by 4?
1
Calculate the remainder when 10687 is divided by 44.
39
Calculate the remainder when 23609 is divided by 5898.
17
What is the remainder when 1664165 is divided by 31?
23
Calculate the remainder when 35386 is divided by 17688.
10
Calculate the remainder when 17116 is divided by 2842.
64
What is the remainder when 13817 is divided by 4405?
602
What is the remainder when 41999 is divided by 75?
74
Calculate the remainder when 3549 is divided by 25.
24
Calculate the remainder when 11443 is divided by 69.
58
What is the remainder when 5207 is divided by 19?
1
Calculate the remainder when 99361 is divided by 178.
37
Calculate the remainder when 819513 is divided by 107.
0
Calculate the remainder when 2707 is divided by 63.
61
Calculate the remainder when 23414 is divided by 1114.
20
What is the remainder when 71506 is divided by 149?
135
Calculate the remainder when 59478 is divided by 22.
12
Calculate the remainder when 33464 is divided by 2571.
41
Calculate the remainder when 426853 is divided by 91.
63
Calculate the remainder when 124795 is divided by 52.
47
What is the remainder when 1835 is divided by 141?
2
What is the remainder when 22719 is divided by 239?
14
Calculate the remainder when 557214 is divided by 15.
9
Calculate the remainder when 1249413 is divided by 504.
501
What is the remainder when 60261 is divided by 12047?
26
Calculate the remainder when 24227 is divided by 472.
155
What is the remainder when 242890 is divided by 26?
24
Calculate the remainder when 15999 is divided by 63.
60
What is the remainder when 231923 is divided by 297?
263
Calculate the remainder when 4141 is divided by 1373.
22
What is the remainder when 4216 is divided by 575?
191
Calculate the remainder when 4099423 is divided by 55.
53
Calculate the remainder when 1931 is divided by 134.
55
What is the remainder when 13128 is divided by 1456?
24
Calculate the remainder when 1481 is divided by 85.
36
What is the remainder when 82817 is divided by 6901?
5
What is the remainder when 477794 is divided by 159263?
5
What is the remainder when 248548 is divided by 1336?
52
Calculate the remainder when 1275 is divided by 48.
27
What is the remainder when 474451 is divided by 119?
117
Calculate the remainder when 160648 is divided by 350.
348
Calculate the remainder when 10758 is divided by 2683.
26
What is the remainder when 52100 is divided by 104?
100
What is the remainder when 1388 is divided by 1192?
196
What is the remainder when 3650 is divided by 69?
62
What is the remainder when 8663 is divided by 54?
23
What is the remainder when 4735 is divided by 29?
8
What is the remainder when 7779 is divided by 1531?
124
Calculate the remainder when 13310 is divided by 513.
485
Calculate the remainder when 181419 is divided by 92.
87
What is the remainder when 7211 is divided by 7201?
10
Calculate the remainder when 3557 is divided by 708.
17
What is the remainder when 6639 is divided by 946?
17
Calculate the remainder when 4516 is divided by 746.
40
What is the remainder when 7996 is divided by 993?
52
What is the remainder when 33464 is divided by 17?
8
What is the remainder when 15162 is divided by 32?
26
Calculate the remainder when 1892 is divided by 857.
178
What is the remainder when 5903 is divided by 364?
79
Calculate the remainder when 207615 is divided by 5611.
8
What is the remainder when 131152 is divided by 3746?
42
What is the remainder when 5049 is divided by 5037?
12
Calculate the remainder when 286981 is divided by 1.
0
Calculate the remainder when 4369 is divided by 362.
25
Calculate the remainder when 337360 is divided by 386.
382
What is the remainder when 607902 is divided by 968?
966
Calculate the remainder when 35287 is divided by 364.
343
What is the remainder when 216183 is divided by 244?
243
What is the remainder when 1021 is divided by 84?
13
What is the remainder when 72227 is divided by 219?
176
What is the remainder when 10330 is divided by 5164?
2
Calculate the remainder when 28531 is divided by 239.
90
What is the remainder when 72401 is divided by 39?
17
Calculate the remainder when 887 is divided by 225.
212
Calculate the remainder when 19708 is divided by 2562.
1774
Calculate the remainder when 2544 is divided by 171.
150
Calculate the remainder when 186635 is divided by 608.
587
Calculate the remainder when 348060 is divided by 286.
284
Calculate the remainder when 178929 is divided by 6.
3
What is the remainder when 423920 is divided by 52989?
8
Calculate the remainder when 62011 is divided by 40.
11
Calculate the remainder when 72157 is divided by 213.
163
Calculate the remainder when 671347 is divided by 25.
22
What is the remainder when 35102 is divided by 35083?
19
Calculate the remainder when 2556136 is divided by 46.
8
What is the remainder when 6733 is divided by 1330?
83
What is the remainder when 16903 is divided by 676?
3
Calculate the remainder when 762579 is divided by 20.
19
What is the remainder when 1084 is divided by 12?
4
What is the remainder when 2929 is divided by 62?
15
Calculate the remainder when 10723 is divided by 7.
6
What is the remainder when 31413 is divided by 715?
668
Calculate the remainder when 9908 is divided by 1992.
1940
Calculate the remainder when 1136 is divided by 1011.
125
What is the remainder when 564047 is divided by 81?
44
What is the remainder when 16195 is divided by 648?
643
What is the remainder when 971874 is divided by 95?
24
What is the remainder when 3336 is divided by 690?
576
What is the remainder when 9711 is divided by 9042?
669
Calculate the remainder when 6718244 is divided by 838.
836
Calculate the remainder when 10974 is divided by 59.
0
What is the remainder when 8884 is divided by 4429?
26
Calculate the remainder when 2033142 is divided by 84.
6
What is the remainder when 5832 is divided by 1922?
66
Calculate the remainder when 13437 is divided by 2143.
579
What is the remainder when 16205 is divided by 2698?
17
Calculate the remainder when 11378 is divided by 99.
92
Calculate the remainder when 43652 is divided by 567.
560
What is the remainder when 959 is divided by 397?
165
Calculate the remainder when 7475 is divided by 393.
8
Calculate the remainder when 5191919 is divided by 72.
71
What is the remainder when 44481 is divided by 390?
21
Calculate the remainder when 8629 is divided by 8518.
111
Calculate the remainder when 649934 is divided by 101.
100
Calculate